factor of 180612?
True
Is 3 a factor of 29?
False
Is 843 a multiple of 36?
False
Does 21 divide 651?
True
Is 7 a factor of 1371?
False
Is 13511 a multiple of 14?
False
Does 11 divide 702?
False
Is 137 a multiple of 37?
False
Does 15 divide 13155?
True
Is 1090 a multiple of 3?
False
Is 4592 a multiple of 100?
False
Is 153 a factor of 13770?
True
Does 16 divide 70?
False
Is 270 a multiple of 45?
True
Is 24 a factor of 18658?
False
Is 657 a multiple of 11?
False
Is 88 a multiple of 11?
True
Is 43 a factor of 559?
True
Does 39 divide 897?
True
Is 36 a factor of 12986?
False
Is 2150 a multiple of 10?
True
Is 8 a factor of 232?
True
Does 17 divide 6971?
False
Does 12 divide 834?
False
Is 81 a factor of 162?
True
Is 13201 a multiple of 155?
False
Does 9 divide 455?
False
Is 7689 a multiple of 27?
False
Does 18 divide 2700?
True
Is 403 a multiple of 31?
True
Is 13 a factor of 10400?
True
Does 15 divide 6885?
True
Is 15 a factor of 4176?
False
Is 18078 a multiple of 46?
True
Is 15 a factor of 900?
True
Does 19 divide 87514?
True
Does 9 divide 2349?
True
Is 27633 a multiple of 151?
True
Is 14 a factor of 4712?
False
Is 5 a factor of 140?
True
Is 43 a factor of 387?
True
Is 27 a factor of 1392?
False
Does 61 divide 2806?
True
Is 28 a multiple of 28?
True
Is 80256 a multiple of 176?
True
Does 15 divide 285?
True
Is 12 a factor of 9372?
True
Does 3 divide 1211?
False
Is 80 a factor of 60424?
False
Is 21825 a multiple of 41?
False
Does 32 divide 14112?
True
Is 9 a factor of 1306?
False
Does 37 divide 1116?
False
Is 18938 a multiple of 223?
False
Does 8 divide 4488?
True
Is 77 a factor of 925?
False
Does 194 divide 10670?
True
Is 14 a factor of 1120?
True
Does 6 divide 42?
True
Does 86 divide 27054?
False
Does 50 divide 44550?
True
Does 2 divide 221?
False
Does 18 divide 18162?
True
Does 6 divide 39507?
False
Does 143 divide 29744?
True
Is 10 a factor of 2159?
False
Is 160 a factor of 607?
False
Does 14 divide 31?
False
Does 13 divide 8736?
True
Does 24 divide 1512?
True
Does 11 divide 469?
False
Is 75 a factor of 6308?
False
Is 1372 a multiple of 49?
True
Does 5 divide 22614?
False
Is 10 a factor of 3229?
False
Does 23 divide 4301?
True
Is 25708 a multiple of 63?
False
Is 6720 a multiple of 15?
True
Does 47 divide 13160?
True
Is 6 a factor of 29773?
False
Is 36 a factor of 938?
False
Does 24 divide 40488?
True
Is 128 a factor of 17035?
False
Is 52399 a multiple of 61?
True
Does 12 divide 12552?
True
Is 205 a multiple of 41?
True
Is 59 a factor of 40592?
True
Is 2220 a multiple of 13?
False
Is 23 a factor of 588?
False
Is 142 a factor of 13790?
False
Is 201 a multiple of 10?
False
Is 8520 a multiple of 40?
True
Is 196 a factor of 46855?
False
Does 64 divide 28224?
True
Does 7 divide 2660?
True
Does 17 divide 731?
True
Does 17 divide 1976?
False
Does 10 divide 764?
False
Does 51 divide 1920?
False
Is 600 a multiple of 10?
True
Does 215 divide 24725?
True
Does 18 divide 20086?
False
Does 7 divide 2765?
True
Does 3 divide 4327?
False
Is 35830 a multiple of 34?
False
Does 10 divide 670?
True
Is 5720 a multiple of 13?
True
Is 21 a factor of 496?
False
Is 3570 a multiple of 15?
True
Is 35 a factor of 25235?
True
Is 74 a factor of 12166?
False
Is 395 a factor of 88480?
True
Is 219 a factor of 92637?
True
Does 30 divide 826?
False
Does 33 divide 858?
True
Is 1977 a multiple of 42?
False
Does 12 divide 2756?
False
Does 197 divide 22064?
True
Does 3 divide 6090?
True
Is 98 a factor of 10388?
True
Is 92 a factor of 57898?
False
Is 3 a factor of 55?
False
Is 286 a factor of 53768?
True
Is 18680 a multiple of 8?
True
Is 5 a factor of 88?
False
Is 19 a factor of 627?
True
Is 75218 a multiple of 286?
True
Is 164 a factor of 1148?
True
Is 55 a factor of 16940?
True
Does 40 divide 19440?
True
Is 11 a factor of 6169?
False
Does 117 divide 101205?
True
Is 26084 a multiple of 51?
False
Is 15 a factor of 795?
True
Is 8 a multiple of 4?
True
Is 12 a factor of 479?
False
Does 87 divide 7134?
True
Is 139 a factor of 4587?
True
Is 15 a factor of 27990?
True
Is 7 a factor of 168?
True
Does 4 divide 305?
False
Does 38 divide 6042?
True
Does 118 divide 14950?
False
Does 17 divide 1041?
False
Is 1747 a multiple of 82?
False
Is 5936 a multiple of 4?
True
Is 20284 a multiple of 44?
True
Is 3 a factor of 1661?
False
Is 208 a multiple of 6?
False
Is 722 a multiple of 38?
True
Is 39 a factor of 74334?
True
Is 3445 a multiple of 122?
False
Does 46 divide 6716?
True
Is 7812 a multiple of 217?
True
Does 175 divide 50925?
True
Is 11040 a multiple of 80?
True
Is 39 a factor of 1287?
True
Is 8 a factor of 274?
False
Does 166 divide 12782?
True
Is 58748 a multiple of 23?
False
Is 905 a multiple of 9?
False
Is 4200 a multiple of 99?
False
Is 1530 a multiple of 18?
True
Is 208 a multiple of 8?
True
Is 15 a factor of 772?
False
Is 16 a factor of 704?
True
Is 146 a factor of 1606?
True
Does 124 divide 51708?
True
Does 93 divide 30151?
False
Is 5185 a multiple of 17?
True
Is 38 a factor of 717?
False
Does 50 divide 100?
True
Is 83 a factor of 332?
True
Is 4140 a multiple of 65?
False
Is 6 a factor of 3154?
False
Is 90 a factor of 25560?
True
Does 173 divide 62097?
False
Does 14 divide 12040?
True
Is 1223 a multiple of 9?
False
Does 111 divide 3976?
False
Is 162 a factor of 13576?
False
Does 52 divide 260?
True
Is 8307 a multiple of 13?
True
Is 5 a factor of 115?
True
Is 24 a factor of 6048?
True
Is 27 a factor of 5643?
True
Is 7 a factor of 27715?
False
Is 1520 a multiple of 38?
True
Is 1750 a multiple of 70?
True
Is 9 a factor of 7161?
False
Does 10 divide 4874?
False
Is 17618 a multiple of 8?
False
Is 15850 a multiple of 25?
True
Is 19 a factor of 1414?
False
Is 91 a factor of 58877?
True
Is 5 a factor of 137?
False
Is 7 a factor of 23366?
True
Is 222260 a multiple of 20?
True
Is 9 a factor of 2475?
True
Is 857 a multiple of 41?
False
Is 9386 a multiple of 38?
True
Does 14 divide 1878?
False
Does 34 divide 146?
False
Is 4047 a multiple of 71?
True
Is 2208 a multiple of 46?
True
Is 4 a factor of 900?
True
Does 33 divide 81545?
False
Is 7678 a multiple of 179?
False
Is 27244 a multiple of 139?
True
Is 13756 a multiple of 19?
True
Is 1560 a multiple of 10?
True
Does 16 divide 4096?
True
Does 16 divide 2976?
True
Is 5424 a multiple of 48?
True
Is 30 a factor of 3033?
False
Is 7892 a multiple of 30?
False
Is 31850 a multiple of 14?
True
Is 39 a factor of 897?
True
Is 41 a factor of 34522?
True
Does 8 divide 105?
False
Is 47 a factor of 15275?
True
Does 17 divide 578?
True
Is 17 a factor of 39763?
True
Does 6 divide 24?
True
Is 9 a factor of 449?
False
Does 20 divide 367?
False
Does 2 divide 119?
False
Does 17 divide 818?
False
Is 6939 a multiple of 166?
False
Is 3883 a multiple of 154?
False
Does 18 divide 252?
True
Is 752 a multiple of 16?
True
Is 17 a factor of 7011?
False
Is 130 a factor of 592?
False
Is 7 a factor of 1050?
True
Does 28 divide 1651?
False
Is 18 a factor of 2898?
True
Is 9 a factor of 423?
True
Is 4 a factor of 6448?
True
Is 26 a factor of 2024?
False
Is 42 a multiple of 6?
True
Is 12 a factor of 240?
True
Is 91 a factor of 13286?
True
Does 4 divide 28?
True
Does 7 divide 11374?
False
Is 89 a factor of 993?
False
Does 43 divide 2451?
True
Does 25 divide 14650?
True
Is 4 a factor of 1180?
True
Does 17 divide 12172?
True
Is 93 a factor of 3906?
True
Does 6 divide 6978?
True
Is 203 a multiple of 9?
False
Does 11 divide 1034?
True
Does 16 divide 1584?
True
Is 79 a factor of 217?
False
Is 111 a factor of 5439?
True
Is 2344 a multiple of 28?
False
Is 13 a factor of 8502?
True
Is 3312 a multiple of 24?
True
Does 20 divide 440?
True
Is 30 a factor of 480?
True
Is 5 a factor of 2707?
False
Is 68 a factor of 5554?
False
Is 96 a factor of 3840?
True
Is 13 a factor of 2141?
False
Does 4 divide 6481?
False
Is 46962 a multiple of 47?
False
Is 23 a factor of 667?
True
Is 92 a factor of 85333?
False
Is 3572 a multiple of 94?
True
Is 5 a factor of 100?
True
Is 37 a factor of 4144?
True
Is 162 a factor of 28836?
True
Is 204 a factor of 134955?
False
Does 36 divide 1948?
False
Is 20 a factor of 740?
True
Is 71 a factor of 903?
False
Is 38303 a multiple of 22?
False
Does 17 divide 1097?
False
Is 102 a factor of 25704?
True
Is 10 a factor of 445?
False
Is 756 a multiple of 7?
True
Does 15 divide 105?
Tr